{"version":"1.0","provider_name":"Grundschule Am Gickelsberg","provider_url":"https:\/\/grundschule-gickelsberg.de\/kamenz","author_name":"admin","author_url":"https:\/\/grundschule-gickelsberg.de\/kamenz\/author\/gsgickel_cmsadmin\/","title":"Kekslmarkt\u00a02025 - Grundschule Am Gickelsberg","type":"rich","width":600,"height":338,"html":"<blockquote class=\"wp-embedded-content\" data-secret=\"hysH0523Xe\"><a href=\"https:\/\/grundschule-gickelsberg.de\/kamenz\/2025\/11\/kekslmarkt-2025\/\">Kekslmarkt\u00a02025<\/a><\/blockquote><iframe sandbox=\"allow-scripts\" security=\"restricted\" src=\"https:\/\/grundschule-gickelsberg.de\/kamenz\/2025\/11\/kekslmarkt-2025\/embed\/#?secret=hysH0523Xe\" width=\"600\" height=\"338\" title=\"&#8222;Kekslmarkt\u00a02025&#8220; &#8211; Grundschule Am Gickelsberg\" data-secret=\"hysH0523Xe\" frameborder=\"0\" marginwidth=\"0\" marginheight=\"0\" scrolling=\"no\" class=\"wp-embedded-content\"><\/iframe><script>\n\/*! This file is auto-generated *\/\n!function(d,l){\"use strict\";l.querySelector&&d.addEventListener&&\"undefined\"!=typeof URL&&(d.wp=d.wp||{},d.wp.receiveEmbedMessage||(d.wp.receiveEmbedMessage=function(e){var t=e.data;if((t||t.secret||t.message||t.value)&&!\/[^a-zA-Z0-9]\/.test(t.secret)){for(var s,r,n,a=l.querySelectorAll('iframe[data-secret=\"'+t.secret+'\"]'),o=l.querySelectorAll('blockquote[data-secret=\"'+t.secret+'\"]'),c=new RegExp(\"^https?:$\",\"i\"),i=0;i<o.length;i++)o[i].style.display=\"none\";for(i=0;i<a.length;i++)s=a[i],e.source===s.contentWindow&&(s.removeAttribute(\"style\"),\"height\"===t.message?(1e3<(r=parseInt(t.value,10))?r=1e3:~~r<200&&(r=200),s.height=r):\"link\"===t.message&&(r=new URL(s.getAttribute(\"src\")),n=new URL(t.value),c.test(n.protocol))&&n.host===r.host&&l.activeElement===s&&(d.top.location.href=t.value))}},d.addEventListener(\"message\",d.wp.receiveEmbedMessage,!1),l.addEventListener(\"DOMContentLoaded\",function(){for(var e,t,s=l.querySelectorAll(\"iframe.wp-embedded-content\"),r=0;r<s.length;r++)(t=(e=s[r]).getAttribute(\"data-secret\"))||(t=Math.random().toString(36).substring(2,12),e.src+=\"#?secret=\"+t,e.setAttribute(\"data-secret\",t)),e.contentWindow.postMessage({message:\"ready\",secret:t},\"*\")},!1)))}(window,document);\n\/\/# sourceURL=https:\/\/grundschule-gickelsberg.de\/kamenz\/wp-includes\/js\/wp-embed.min.js\n<\/script>\n","thumbnail_url":"https:\/\/grundschule-gickelsberg.de\/kamenz\/wp-content\/uploads\/2025\/11\/20251121_1926080_Original-scaled.jpg","thumbnail_width":2560,"thumbnail_height":1920,"description":"Auf dem festlich geschm\u00fcckten Kamenzer Markt fand in diesem Jahr wieder unser Kekslmarkt statt \u2013 und die Grundschule Am Gickelsberg waren am vergangenen Freitag mit drei liebevoll dekorierten St\u00e4nden vertreten. Gemeinsam mit Eltern, Lehrkr\u00e4ften und dem F\u00f6rderverein boten sie eine gro\u00dfe Auswahl an selbstgebackenen Pl\u00e4tzchen an, die schnell viele begeisterte K\u00e4ufer fanden. Organisiert war der [&hellip;]"}

Auf dem festlich geschmückten Kamenzer Markt fand in diesem Jahr wieder unser Kekslmarkt statt – und die Grundschule Am Gickelsberg waren am vergangenen Freitag mit drei liebevoll dekorierten Ständen vertreten. Gemeinsam mit Eltern, Lehrkräften und dem Förderverein boten sie eine große Auswahl an selbstgebackenen Plätzchen an, die schnell viele begeisterte Käufer fanden. Organisiert war der [&hellip;]
