{"version":"1.0","provider_name":"Grundschule Am Gickelsberg","provider_url":"https:\/\/grundschule-gickelsberg.de\/kamenz","author_name":"admin","author_url":"https:\/\/grundschule-gickelsberg.de\/kamenz\/author\/gsgickel_cmsadmin\/","title":"Start ins Jahr 2026 - Grundschule Am Gickelsberg","type":"rich","width":600,"height":338,"html":"<blockquote class=\"wp-embedded-content\" data-secret=\"Ekuo4ggXvx\"><a href=\"https:\/\/grundschule-gickelsberg.de\/kamenz\/2026\/01\/start-ins-jahr-2026\/\">Start ins Jahr 2026<\/a><\/blockquote><iframe sandbox=\"allow-scripts\" security=\"restricted\" src=\"https:\/\/grundschule-gickelsberg.de\/kamenz\/2026\/01\/start-ins-jahr-2026\/embed\/#?secret=Ekuo4ggXvx\" width=\"600\" height=\"338\" title=\"&#8222;Start ins Jahr 2026&#8220; &#8211; Grundschule Am Gickelsberg\" data-secret=\"Ekuo4ggXvx\" frameborder=\"0\" marginwidth=\"0\" marginheight=\"0\" scrolling=\"no\" class=\"wp-embedded-content\"><\/iframe><script>\n\/*! This file is auto-generated *\/\n!function(d,l){\"use strict\";l.querySelector&&d.addEventListener&&\"undefined\"!=typeof URL&&(d.wp=d.wp||{},d.wp.receiveEmbedMessage||(d.wp.receiveEmbedMessage=function(e){var t=e.data;if((t||t.secret||t.message||t.value)&&!\/[^a-zA-Z0-9]\/.test(t.secret)){for(var s,r,n,a=l.querySelectorAll('iframe[data-secret=\"'+t.secret+'\"]'),o=l.querySelectorAll('blockquote[data-secret=\"'+t.secret+'\"]'),c=new RegExp(\"^https?:$\",\"i\"),i=0;i<o.length;i++)o[i].style.display=\"none\";for(i=0;i<a.length;i++)s=a[i],e.source===s.contentWindow&&(s.removeAttribute(\"style\"),\"height\"===t.message?(1e3<(r=parseInt(t.value,10))?r=1e3:~~r<200&&(r=200),s.height=r):\"link\"===t.message&&(r=new URL(s.getAttribute(\"src\")),n=new URL(t.value),c.test(n.protocol))&&n.host===r.host&&l.activeElement===s&&(d.top.location.href=t.value))}},d.addEventListener(\"message\",d.wp.receiveEmbedMessage,!1),l.addEventListener(\"DOMContentLoaded\",function(){for(var e,t,s=l.querySelectorAll(\"iframe.wp-embedded-content\"),r=0;r<s.length;r++)(t=(e=s[r]).getAttribute(\"data-secret\"))||(t=Math.random().toString(36).substring(2,12),e.src+=\"#?secret=\"+t,e.setAttribute(\"data-secret\",t)),e.contentWindow.postMessage({message:\"ready\",secret:t},\"*\")},!1)))}(window,document);\n\/\/# sourceURL=https:\/\/grundschule-gickelsberg.de\/kamenz\/wp-includes\/js\/wp-embed.min.js\n<\/script>\n","thumbnail_url":"https:\/\/grundschule-gickelsberg.de\/kamenz\/wp-content\/uploads\/2026\/01\/Feier-zum-Jahr-2026-in-Kamenz-1024x683.png","thumbnail_width":1024,"thumbnail_height":683,"description":"Liebe Eltern und liebe Kinder, wir w\u00fcnschen Ihnen und euch ein gesundes und frohes neues Jahr 2026. F\u00fcr das neue Jahr w\u00fcnschen wir unseren Kindern Freude am Lernen, Neugier und viele sch\u00f6ne gemeinsame Erlebnisse. Den Eltern danken wir f\u00fcr die Zusammenarbeit und das Vertrauen. Auch im kommenden Jahr m\u00f6chten wir die Kinder gemeinsam begleiten und [&hellip;]"}

Liebe Eltern und liebe Kinder, wir wünschen Ihnen und euch ein gesundes und frohes neues Jahr 2026. Für das neue Jahr wünschen wir unseren Kindern Freude am Lernen, Neugier und viele schöne gemeinsame Erlebnisse. Den Eltern danken wir für die Zusammenarbeit und das Vertrauen. Auch im kommenden Jahr möchten wir die Kinder gemeinsam begleiten und [&hellip;]
